et l(f) = 8*f - 3. Let z(g) = 2*l(g) + 3*y(g). Let k be (-2)/8 + (-22)/8. Give z(k).
9
Let p(t) = -t + 35 - 15 - 18. Calculate p(-5).
7
Let x(l) be the third derivative of -l**4/24 + l**3/3 + l**2. Let g(p) = -8*p**2 - p + 1. Let c be g(1). Let u = c - -8. What is x(u)?
2
Suppose 2*v = -4*q + 28, -5*v - 2*q + 38 = -v. Let y = v - 6. Let u(n) = n + n - n + n**y - 4. Give u(0).
-4
Let u(d) = -d**2 - d - 1. Let w = 8 - 8. Let o be (w - (3 - 3)) + 2. Determine u(o).
-7
Let j(k) = -k**3 + 3*k**2 + 2. Suppose 0 = -y - 5*r + 7, 4*y - 4*r + 20 = -0*y. Let z be (-7 - y)*(-3)/4. Calculate j(z).
2
Let v = 13 - 38/3. Let u(j) be the first derivative of 2*j - j**2 + 1 - v*j**3. Determine u(-3).
-1
Let g(j) be the third derivative of j**4/8 - j**3/6 - 29*j**2 - 1. Give g(-4).
-13
Suppose 0 = -5*h + 2*h + 15. Let x(v) = 2 + 2 + 0 + v**2 + h*v. What is x(-4)?
0
Suppose 5*d - 18 = c, 5*d - 3 - 27 = 5*c. Let y(l) = 18*l**3 - 12*l**3 - 5*l**d. What is y(0)?
0
Let h(v) be the first derivative of -v**2/2 - 5*v - 2. Let f be h(-7). Let n(j) = -j**2 - 1. Determine n(f).
-5
Let m(l) = -l**3 - 2*l**2 - 4*l**3 - 3*l + 2 + 7*l**3. Determine m(2).
4
Let d(l) = -2*l + 6*l - 2*l**2 + l**2 + 3*l. Give d(5).
10
Suppose -2*b + b = -i + 1, -4*b + 5*i - 7 = 0. Suppose -l + 9 = b*l. Let p(o) = 16*o - 12*o - 5*o. What is p(l)?
-3
Let s be -1*(-2*1 + -1). Let d(u) = -3*u**2 - 3*u**3 + 7 + 6*u + 2*u**s - u**2. Let z(h) = -6*h**2 + 2*h - 1. Let k be z(1). Determine d(k).
2
Let b(n) = 3*n**2 + 2*n - 1. Let x(p) = -p**3 - 2*p**2 + 5*p + 3. Let o be x(-3). Give b(o).
20
Let x(d) = -d**2 - d - 5. Let v(j) = -j. Let b be v(-5). Let o = b + -5. What is x(o)?
-5
Let g(a) = 2*a**3 + 6*a**2 - 15*a. Let k(u) = 2*u**3 + 7*u - 3*u**3 - 3*u**2 + 0*u**3. Suppose -6 - 1 = x. Let h(r) = x*k(r) - 3*g(r). Determine h(-4).
0
Let a(r) = -r + 1. Let u be (-8 - -1)*(-8)/28. Calculate a(u).
-1
Let t(g) = -g - 5. Let x be 2/2*(-5 + 1). Let w(y) = y**2 + 3*y - 1. Let l be w(x). Suppose n + l*n + 16 = 0. Give t(n).
-1
Let o(j) = 6*j**2 - 7*j + 3. Let y(g) be the second derivative of -7*g**4/12 + 4*g**3/3 - 3*g**2/2 + 4*g. Let z(s) = 6*o(s) + 5*y(s). What is z(3)?
6
Suppose 5*a - 22 = -2*z, -2*z + 5*z - 4*a + 13 = 0. Let w(j) = -z - 6*j + j**3 + 3*j**2 + 5*j - 2*j**3. Give w(2).
1
Let f(r) = -2*r**3 + r**2 - 2*r + 1. Let m be f(1). Let z(q) be the second derivative of -q**5/20 + q**3/6 - q**2 + 15*q - 4. Give z(m).
4
Let z(k) = 3*k**2 - 6*k + 8. Let v(u) = -u**2 - 8*u + 11. Let a be v(-9). Let q(j) = 10*j**2 - 17*j + 24. Let o(c) = a*q(c) - 7*z(c). Calculate o(6).
4
Let q(k) = k**3 + 5*k**2 + 4*k. Let j(v) = v**3 - 4*v**2 - v - 4. Let r be j(4). Let u = -12 - r. Let l = 1 + u. Give q(l).
6
Suppose 3*f + 4*u + 3 = -0, -3*u = 9. Let n(x) be the third derivative of 0*x - 1/60*x**5 + 0 - x**2 + 1/8*x**4 + 1/2*x**3. Calculate n(f).
3
Let a(h) = -h + 1. Let d = 6 + -4. Suppose -2*q = -q - d. What is a(q)?
-1
Let g = -6 - -6. Let k(b) be the third derivative of -b**6/120 + b**5/60 + b**4/24 - b**3/6 + 3*b**2. Determine k(g).
-1
Let r(b) be the first derivative of -b**4/4 - 5*b**3/3 + 3*b**2/2 + 4*b + 12. What is r(-5)?
-11
Let o(s) be the first derivative of -s**4/4 + 5*s**3/3 - 2*s**2 - 7. Calculate o(3).
6
Let r(b) = -b - 6. Let o be r(-11). Let x(t) = t**2 + 3 + t**3 - o*t**2 + 3*t**2 - 4*t**2 + 3*t. Calculate x(4).
-1
Let m(l) be the first derivative of -l**2 + 8*l + 4. Determine m(6).
-4
Let o(c) = -3*c**3 - 10*c**2 + 4*c - 34. Suppose 32 = -4*s + 4. Let g(w) = -w**3 - 3*w**2 + w - 11. Let t(u) = s*g(u) + 2*o(u). What is t(0)?
9
Suppose -2*c = -6*c + 24. Suppose 0 = -c*n + 3*n + 15. Let q(g) = -g + 6. Calculate q(n).
1
Let x(o) = 13*o**2 + o - 1. Let j(l) = -25*l**2 - 3*l + 3. Let s(c) = -2*j(c) - 5*x(c). Calculate s(1).
-15
Let c(q) = 4*q**2 + 6*q + 1. Let r(i) = -3*i**2 - 5*i. Suppose 0 = -4*f - 5*t + 6 + 17, 25 = 5*f + 5*t. Let w(n) = f*c(n) + 3*r(n). What is w(-4)?
-2
Suppose 2 = -2*v, -2*v = j + 2*v. Let y be (-34)/(-9) + 6/27. Let o(x) = 2*x - y + 4 - j + 6. What is o(4)?
10
Let y(o) be the second derivative of o**3/6 - 5*o**2/2 - 12*o. Determine y(0).
-5
Suppose -3*o + 4 + 2 = 0. Let w(z) = -2 + 3*z + z**o + 0*z + 1 + 2*z. Suppose 5*n - 40 = 5*d, 5*d = 3*n - 1 - 33. Calculate w(d).
-1
Suppose -5*p + 33 - 13 = 0. Let b(t) = 2*t - 5. Let x(y) = -y + 3. Let z(r) = -5*b(r) - 8*x(r). What is z(p)?
-7
Let l be 3/(-12) - 41/(-4). Suppose -q = -l*h + 5*h, 4*q - 17 = 3*h. Let a(b) be the third derivative of -b**4/24 + b**3/6 - b**2. Determine a(h).
0
Let u(h) = 2*h**3 + h**2 - 2*h + 1. Let b(o) = 3*o**3 + 2*o**2 - 3*o + 2. Let v(g) = 5*b(g) - 8*u(g). What is v(3)?
-4
Let g(v) be the second derivative of v**4/12 - v**3 + v**2/2 - 6*v. What is g(4)?
-7
Let i be -1 + (0 - (-28)/24). Let q(m) be the third derivative of -1/6*m**4 + 0 - i*m**3 + 1/60*m**5 - m**2 + 0*m. Calculate q(4).
-1
Suppose 37 + 43 = 16*y. Let j(p) = -p**3 + 4*p**2 + 6*p + 7. Calculate j(y).
12
Let f(a) = a - 4. Suppose -4*d - c = 7, 0 = c - 4 + 7. Suppose l - 2 = -0*l. Let s be (-8)/4 - l/d. Determine f(s).
-4
Let i(d) = d**3 - 4 + d + d + 3 - 5*d**2 - 8*d. Give i(6).
-1
Let b(g) = 2*g**2 + 2*g + 1. Let m be b(-1). Let i(t) = 2*t**3 + t**2 - 4*t + 4. Let x(u) = -u**3 + u - 1. Let l(z) = i(z) + 3*x(z). Give l(m).
0
Suppose -q = 5*z + 19, 3*q + 5*z + 14 + 13 = 0. Let t(h) = -h**3 - 3*h**2 + 6*h + 6. Give t(q).
-2
Let g(k) = -k + 8. Let q be (-1)/(1 + 3/(-4)). Let j(r) = -r**3 - 6*r**2 - 9*r - 4. Let s be j(q). Determine g(s).
8
Let w(a) = -a**2 - 2*a - 1. Suppose 3*m = 4*m. Suppose m = b + 4*b + 10. Let u(i) = i**3 + 2*i**2 + 3*i + 2. Let q be u(b). Give w(q).
-9
Let u(t) = -2*t. Let h = 6 - 5. Let c = h + -3. Determine u(c).
4
Let o(y) = -y - 2*y**2 + 0*y**2 + 10*y**2. Determine o(1).
7
Let a = -16 - -9. Let u = a - -9. Let k(p) = -p**u + 2*p**2 + 1 + 4*p - 3*p + 3*p. What is k(-4)?
1
Suppose 3*s = -i - 0*i - 9, -3*i - 2*s = -1. Let l(o) = -o**2 - i*o + 0 - 2 + 0*o - 3*o. Give l(-6).
-2
Let p(m) = -m**2 + 2*m - 3. Let w be p(3). Let x be (1 + w)*(2 + -3). Let g(s) = -x - 5*s - s**2 + 1 + 1. Determine g(-3).
3
Let j be ((-1)/(-2))/(5/(-2) + 3). Let w(y) = 24*y + 1. Calculate w(j).
25
Suppose l + 0 - 4 = 0. Suppose l*r + 6 = 14. Let v(c) = 4*c**3 - c + 3*c**2 - 5*c**2 + r*c**3. Calculate v(-1).
-7
Let l(a) = 11*a + 1. Let m be (-2 - -3)/(5 + -4). What is l(m)?
12
Let z(u) = -2*u + 6. Let o be z(6). Let v(i) = -i**3 - 5*i**2 + 3*i - 8. Determine v(o).
10
Let h(t) = -2*t. Let x(z) = -21*z + 1. Let b(w) = 6*h(w) + x(w). Give b(-1).
34
Let c(y) = -3*y - 5. Let l = -1 - 3. Let r(a) be the second derivative of -a**4/12 - a**3/2 - a**2/2 - 5*a. Let m be r(l). Determine c(m).
10
Let g(k) = -4*k + 3*k + 7*k - 3*k - 2. What is g(2)?
4
Let w = 20 - 16. Let z(q) = 4*q - 3. What is z(w)?
13
Let f(c) = -c**3 + 6*c**2 - 2*c - 1. Let w(k) = 3*k**3 - 12*k**2 + 5*k + 2. Let b(j) = 5*f(j) + 2*w(j). Determine b(-6).
-1
Let k(v) = v**2 - 10*v - 1. Let f = -87 + 97. What is k(f)?
-1
Let l(s) = s - 2. Let w = 31 + -27. Calculate l(w).
2
Suppose j - 2 + 0 = 0. Let t be ((2 + 0)*1)/j. Let y(n) = n**3 - n**2. Let d(r) = -5*r**3 + r**2 - r. Let k(m) = t*d(m) + 4*y(m). Give k(-1).
-1
Let z(d) = -13*d - 1. Let x(g) = -3*g. Let v(r) = 9*x(r) - 2*z(r). Give v(-5).
7
Let v(k) be the second derivative of -k**3/6 - k**2/2 - 4*k. What is v(0)?
-1
Let b(j) be the third derivative of 0*j**3 + 0*j + 0 + 1/24*j**4 - 4*j**2. Let i be 8/(-6)*3/2. Give b(i).
-2
Let u = 61/684 + -1/171. Let t(b) be the second derivative of 5/6*b**3 - 2*b + 0 - u*b**4 - 1/2*b**2. Calculate t(2).
5
Let m(n) be the first derivative of n**3/3 + 3*n**2 - 6*n - 5. Give m(-5).
-11
Let u(w) be the second derivative of -w**3/6 - w. Let p(c) = 5*c**2 - 1. Let g be p(-1). Suppose 2*i + 0 = 4*x - 6, g*i = -4*x - 12. What is u(i)?
3
Let z(q) be the first derivative of q**7/280 - q**3/3 - 1. Let c(t) be the third derivative of z(t). Suppose -2*y = 5*o - 2 - 5, 0 = 3*o - 3. What is c(y)?
3
Let s(l) = l**3 + 7*l**2 - 9*l - 10. Let t be (-8)/10 - (-49)/5. Let x = t - 17. Calculate s(x).
-2
Let c(h) = 0*h**2 - 2*h + 6 + 7*h + h**2 + 3*h. Determine c(-6).
-6
Suppose 5*c = -0*c - 35. Let r = c + 8. Let s(b) = 3*b**3 + 1. What is s(r)?
4
Let z be 3*5/((-45)/12). Let v(a) = 2*a + 5. Let w(b) = -4*b - 10. Let d(g) = -9*v(g) -